36 and 33057333.
17
What is the highest common divisor of 698 and 15161956?
698
What is the greatest common factor of 574786488 and 24?
24
What is the highest common factor of 5530 and 10191395?
395
What is the highest common factor of 15 and 27664800?
15
What is the greatest common divisor of 47749 and 10114?
13
Calculate the greatest common factor of 14124 and 206273958.
7062
Calculate the greatest common divisor of 238 and 4195566.
34
What is the highest common divisor of 294 and 7132636?
98
What is the greatest common divisor of 216832080 and 118?
118
What is the greatest common divisor of 416 and 573456?
208
Calculate the highest common factor of 2997 and 104571.
81
What is the greatest common factor of 1262411040 and 6?
6
What is the greatest common divisor of 12555 and 40311?
27
Calculate the highest common divisor of 9 and 177139179.
9
What is the greatest common divisor of 335196 and 204?
12
What is the highest common factor of 36934 and 38114?
118
What is the greatest common factor of 23848909 and 1873?
1873
Calculate the greatest common factor of 36 and 13362819.
3
What is the highest common factor of 2402 and 56625949?
1201
Calculate the highest common divisor of 26515126 and 22.
22
What is the highest common divisor of 43260 and 8820?
420
What is the highest common divisor of 36 and 43713?
9
Calculate the highest common factor of 48494105 and 220.
55
Calculate the highest common divisor of 2701 and 1659080.
37
What is the greatest common factor of 9986643 and 2871?
261
What is the greatest common divisor of 4 and 73782476?
4
Calculate the greatest common divisor of 20248002 and 22359.
771
Calculate the highest common divisor of 367181568 and 533.
533
What is the highest common factor of 812 and 1741684?
28
What is the highest common factor of 547125894 and 861?
861
Calculate the highest common factor of 535 and 98111831.
107
What is the greatest common factor of 17837909 and 1821?
607
Calculate the greatest common divisor of 5952830 and 1383590.
3770
What is the greatest common divisor of 96132 and 9900?
12
Calculate the highest common divisor of 12 and 3256482.
6
Calculate the greatest common factor of 3942 and 8556.
6
Calculate the highest common factor of 150156 and 36722.
86
Calculate the greatest common factor of 462970 and 36180.
670
Calculate the greatest common divisor of 342842680 and 20.
20
What is the greatest common factor of 18095 and 239767?
11
Calculate the greatest common factor of 114447810 and 1230.
1230
Calculate the highest common divisor of 18036 and 7835076.
108
What is the highest common divisor of 26895940 and 80?
20
Calculate the greatest common divisor of 89262 and 1771389.
1539
What is the greatest common factor of 13611725 and 7950?
1325
What is the highest common divisor of 536 and 1914128?
8
Calculate the greatest common divisor of 1738168 and 232.
8
Calculate the highest common divisor of 1923633 and 36.
9
Calculate the greatest common divisor of 2846331 and 117.
9
Calculate the highest common factor of 6985895 and 110.
5
Calculate the highest common divisor of 28581852 and 19.
19
What is the highest common factor of 9914751 and 2871?
99
What is the highest common factor of 78936 and 3163512?
6072
What is the highest common divisor of 91910 and 9345833?
707
What is the highest common factor of 84944 and 23986062?
10618
Calculate the highest common divisor of 6118 and 7027454.
266
What is the highest common divisor of 2061 and 27379927?
229
What is the highest common factor of 1302692447 and 1239?
413
What is the greatest common divisor of 329981176 and 420?
28
Calculate the greatest common factor of 4819 and 59353.
61
What is the greatest common divisor of 66 and 16767410?
22
Calculate the highest common divisor of 405933080 and 8.
8
What is the highest common factor of 1568876 and 31556?
92
What is the greatest common factor of 36163028 and 484?
484
Calculate the greatest common factor of 2082 and 1517084.
694
What is the highest common divisor of 344746186 and 263?
263
Calculate the highest common divisor of 154756 and 38486.
14
What is the greatest common factor of 8263715 and 22855?
3265
Calculate the highest common divisor of 12928 and 6747406.
202
Calculate the greatest common divisor of 163529 and 10412614.
3803
What is the greatest common factor of 78902070 and 3?
3
What is the highest common divisor of 50847776 and 3392?
1696
Calculate the highest common factor of 6708 and 325.
13
Calculate the highest common divisor of 377222409 and 171.
171
Calculate the highest common divisor of 3115422 and 3942.
54
Calculate the greatest common factor of 319 and 1077611.
29
What is the greatest common divisor of 40014 and 25593?
57
What is the highest common divisor of 61018181 and 24353?
3479
Calculate the greatest common divisor of 14175359 and 1529.
1529
Calculate the highest common factor of 48009864 and 8.
8
Calculate the greatest common factor of 14559 and 69138.
69
What is the greatest common divisor of 2018064 and 624?
48
What is the highest common factor of 722680 and 48?
8
Calculate the greatest common divisor of 8032531 and 403.
13
Calculate the highest common factor of 75225920 and 27692.
1204
Calculate the greatest common factor of 2869304 and 31608.
3512
Calculate the greatest common factor of 1530 and 19507500.
1530
What is the greatest common factor of 277760 and 428960?
1120
What is the greatest common divisor of 255802 and 946420?
158
What is the greatest common factor of 8274246 and 7185?
1437
What is the greatest common divisor of 5969598496 and 9976?
9976
Calculate the highest common divisor of 75 and 67770.
15
Calculate the highest common divisor of 13 and 911980.
1
Calculate the greatest common divisor of 38342808 and 243.
81
Calculate the highest common divisor of 378368 and 9472.
256
Calculate the highest common divisor of 16070 and 1385720.
10
What is the highest common divisor of 9770 and 514360?
10
What is the greatest common divisor of 4282606 and 136?
34
Calculate the greatest common factor of 523342 and 736.
46
Calculate the highest common divisor of 222645576 and 888.
888
Calculate the greatest common factor of 65243 and 44573.
53
Calculate the highest common divisor of 20636 and 137886.
938
What is the greatest common divisor of 578321 and 2524527?
3463
Calculate the greatest common factor of 1924 and 54938858.
962
What is the greatest common divisor of 352370 and 54016?
422
Calculate the highest common factor of 165292 and 102598.
86
What is the greatest common factor of 32504141 and 577?
577
What is the highest common divisor of 398 and 5827672016?
398
Calculate the greatest common divisor of 608 and 839264.
32
Calculate the highest common divisor of 1276 and 150538072.
116
Calculate the highest common divisor of 6913397 and 551.
551
Calculate the highest common factor of 1623 and 50490989.
541
What is the highest common divisor of 21 and 366638601?
21
What is the highest common factor of 923 and 67809118?
923
What is the highest common factor of 13364823 and 131391?
3369
Calculate the greatest common factor of 861 and 160034070.
861
What is the highest common divisor of 5068544 and 1541276?
6092
What is the highest common divisor of 243085 and 136640?
305
What is the highest common factor of 39540459 and 963?
321
What is the greatest common factor of 14924485 and 730?
365
What is the highest common factor of 296 and 69192146?
74
Calculate the greatest common divisor of 48323808 and 6240.
1248
Calculate the greatest common divisor of 33334 and 10221633.
2381
Calculate the highest common divisor of 6055245 and 799.
47
Calculate the greatest common divisor of 8569215 and 1005.
15
Calculate the greatest common factor of 2359101 and 1582.
113
What is the highest common factor of 68243032 and 27404?
884
Calculate the greatest common divisor of 3789 and 297230631.
1263
Calculate the greatest common divisor of 2620 and 3050335.
655
Calculate the greatest common divisor of 2665 and 4687735.
2665
Calculate the highest common factor of 1480 and 2007080.
40
Calculate the highest common factor of 1024 and 82340544.
64
What is the highest common divisor of 647388 and 122262?
42
Calculate the highest common divisor of 865534 and 1160.
58
What is the highest common factor of 168 